{"id":78,"date":"2018-01-29T10:10:29","date_gmt":"2018-01-29T09:10:29","guid":{"rendered":"http:\/\/localhost\/ciya-shop-electronics-sample-data\/?page_id=78"},"modified":"2023-12-29T16:56:11","modified_gmt":"2023-12-29T15:56:11","slug":"sobre-nosotros","status":"publish","type":"page","link":"https:\/\/zonawifimcy.com\/index.php\/sobre-nosotros\/","title":{"rendered":"Sobre Nosotros"},"content":{"rendered":"<p>[vc_row pgscore_enable_responsive_settings=&#8221;true&#8221; el_id=&#8221;1516710813675-a6a70f8d-afbf&#8221; css=&#8221;.vc_custom_1516801131893{padding-top: 80px !important;padding-bottom: 50px !important;}&#8221; element_css_md=&#8221;.vc_custom_1516801131916{padding-top: 60px !important;padding-bottom: 30px !important;}&#8221; element_css_sm=&#8221;.vc_custom_1516801131939{padding-top: 50px !important;padding-bottom: 20px !important;}&#8221; element_css_xs=&#8221;.vc_custom_1516801131959{padding-top: 40px !important;padding-bottom: 10px !important;}&#8221;][vc_column css=&#8221;.vc_custom_1516801004717{margin-bottom: 30px !important;}&#8221; offset=&#8221;vc_col-lg-6 vc_col-md-6&#8243;][vc_single_image image=&#8221;366&#8243; img_size=&#8221;full&#8221; alignment=&#8221;center&#8221;][\/vc_column][vc_column css=&#8221;.vc_custom_1516801019577{margin-bottom: 30px !important;}&#8221; offset=&#8221;vc_col-lg-6 vc_col-md-6&#8243;][vc_custom_heading text=&#8221;Bienvenido a ZONAWIFIMCY 2.0 C.A&#8221; font_container=&#8221;tag:h3|text_align:left&#8221; use_theme_fonts=&#8221;yes&#8221; css=&#8221;.vc_custom_1691702287619{margin-bottom: 15px !important;}&#8221;][vc_column_text]Empresa dedicada a la venta de equipos de redes, instalaci\u00f3n de c\u00e1maras de seguridad, configuraci\u00f3n de redes LAN y enlaces de datos entre sucursales Y servicio de internet dedicado en la Region del estado aragua.[\/vc_column_text][vc_custom_heading text=&#8221;Por qu\u00e9 elegirnos&#8221; font_container=&#8221;tag:h5|text_align:left&#8221; use_theme_fonts=&#8221;yes&#8221; css=&#8221;.vc_custom_1570571151284{margin-bottom: 15px !important;}&#8221;]\t<div  class=\"pgscore_list_wrapper\"><!-- shortcode-base-wrapper -->\r\n\t\t\r\n<ul class=\"pgscore_list list list-unstyled icon-style-type-default\">\r\n\t\t\t\t<li>\r\n\r\n\t\t\t\t<i class=\"entypo-icon entypo-icon-check\" style=\"color:#4c7cf0\"><\/i> \t\t\t\t\t\t\t\t\t<p class=\"pgscore-list-info \" style=\"font-weight:inherit;;text-transform:inherit;;color:#969696;\">\r\n\t\t\t\t\tEnv\u00edo y Devoluciones\t\t\t\t\t<\/p>\r\n\t\t\t\t\t\t\t<\/li>\r\n\t\t\t\t\t\t<li>\r\n\r\n\t\t\t\t<i class=\"entypo-icon entypo-icon-check\" style=\"color:#4c7cf0\"><\/i> \t\t\t\t\t\t\t\t\t<p class=\"pgscore-list-info \" style=\"font-weight:inherit;;text-transform:inherit;;color:#969696;\">\r\n\t\t\t\t\tCompra Segura\t\t\t\t\t<\/p>\r\n\t\t\t\t\t\t\t<\/li>\r\n\t\t\t\t\t\t<li>\r\n\r\n\t\t\t\t<i class=\"entypo-icon entypo-icon-check\" style=\"color:#4c7cf0\"><\/i> \t\t\t\t\t\t\t\t\t<p class=\"pgscore-list-info \" style=\"font-weight:inherit;;text-transform:inherit;;color:#969696;\">\r\n\t\t\t\t\tEnv\u00edo Internacional\t\t\t\t\t<\/p>\r\n\t\t\t\t\t\t\t<\/li>\r\n\t\t\t\t\t\t<li>\r\n\r\n\t\t\t\t<i class=\"entypo-icon entypo-icon-check\" style=\"color:#4c7cf0\"><\/i> \t\t\t\t\t\t\t\t\t<p class=\"pgscore-list-info \" style=\"font-weight:inherit;;text-transform:inherit;;color:#969696;\">\r\n\t\t\t\t\tAfiliados\t\t\t\t\t<\/p>\r\n\t\t\t\t\t\t\t<\/li>\r\n\t\t\t\t\t\t<li>\r\n\r\n\t\t\t\t<i class=\"entypo-icon entypo-icon-check\" style=\"color:#4c7cf0\"><\/i> \t\t\t\t\t\t\t\t\t<p class=\"pgscore-list-info \" style=\"font-weight:inherit;;text-transform:inherit;;color:#969696;\">\r\n\t\t\t\t\tVentas Grupales\t\t\t\t\t<\/p>\r\n\t\t\t\t\t\t\t<\/li>\r\n\t\t\t<\/ul>\r\n\t<\/div>\r\n\t[\/vc_column][\/vc_row][vc_row full_width=&#8221;stretch_row&#8221; disable_element=&#8221;yes&#8221; pgscore_enable_responsive_settings=&#8221;true&#8221; el_id=&#8221;1516712526699-1f29ac39-7941&#8243; css=&#8221;.vc_custom_1570555959680{padding-top: 80px !important;padding-bottom: 40px !important;background-color: #f5f5f5 !important;}&#8221; element_css_md=&#8221;.vc_custom_1570555959682{padding-top: 60px !important;padding-bottom: 20px !important;}&#8221; element_css_sm=&#8221;.vc_custom_1570555959684{padding-top: 50px !important;padding-bottom: 10px !important;}&#8221; element_css_xs=&#8221;.vc_custom_1570555959686{padding-top: 40px !important;}&#8221;][vc_column css=&#8221;.vc_custom_1516713272469{padding-top: 0px !important;}&#8221;][vc_row_inner][vc_column_inner offset=&#8221;vc_col-lg-offset-1 vc_col-lg-10&#8243;][vc_custom_heading text=&#8221;Interesting Facts&#8221; font_container=&#8221;tag:h3|text_align:center&#8221; use_theme_fonts=&#8221;yes&#8221; font_weight=&#8221;600&#8243; text_transform=&#8221;uppercase&#8221; css=&#8221;.vc_custom_1516713828147{margin-bottom: 15px !important;}&#8221;][vc_column_text]<\/p>\n<div class=\"vc_row wpb_row vc_inner vc_row-fluid mpc-row\">\n<div class=\"wpb_column vc_column_container vc_col-sm-8 vc_col-sm-offset-2 mpc-column\" data-column-id=\"mpc_column-295a6729f335c61\">\n<div class=\"vc_column-inner \">\n<div class=\"wpb_wrapper\">\n<div class=\"wpb_text_column wpb_content_element \">\n<div class=\"wpb_wrapper\">\n<p style=\"text-align: center;\">Discover the best collection for autumn of Stylist Art. With so charming, modern and passionate, you certainly love this collection.<\/p>\n<\/div>\n<\/div>\n<\/div>\n<\/div>\n<\/div>\n<\/div>\n<p>[\/vc_column_text][\/vc_column_inner][\/vc_row_inner][vc_row_inner][vc_column_inner width=&#8221;1\/3&#8243;]\t<div  class=\"pgscore_info_box_wrapper vc_custom_1516714018231\"><!-- shortcode-base-wrapper -->\r\n\t\t<div class=\"pgscore_info_box pgscore_info_box-layout-style_1 pgscore_info_box-content_alignment-center pgscore_info_box-with-icon pgscore_info_box-icon-source-font pgscore_info_box-icon-style-flat pgscore_info_box-icon-size-sm pgscore_info_box-icon-shape-round\">\r\n\t<div class=\"pgscore_info_box-inner clearfix\">\r\n\t\t\t<div class=\"pgscore_info_box-icon\">\r\n\t\t\t<div class=\"pgscore_info_box-icon-wrap\">\r\n\t\t\t\t<div class=\"pgscore_info_box-icon-outer\" style=\"\">\r\n\t<div class=\"pgscore_info_box-icon-inner\" style=\"background-color:#4c7cf0;\">\r\n\t\t<i class=\"typcn typcn-flow-children\" style=\"color:#ffffff\"><\/i>\t<\/div>\r\n<\/div>\r\n\t\t\t<\/div>\r\n\t\t<\/div>\r\n\t\t\t<div class=\"pgscore_info_box-content\">\r\n\t\t<div class=\"pgscore_info_box-content-wrap\">\r\n\t\t\t<div class=\"pgscore_info_box-content-inner\">\r\n\t\t\t\t\t<h5 class=\"pgscore_info_box-title\" style=\"color:#323232;\">\r\n\t\tFree Delivery\t<\/h5>\r\n\t\t\t<div class=\"pgscore_info_box-description\">\r\n\t\t<p>If something isn&#039;t your cup of tea then you can simply swap it for another experience.<\/p>\r\n\t<\/div>\r\n\t\t\t\t<\/div>\r\n\t\t<\/div>\r\n\t<\/div>\r\n<\/div>\r\n<\/div>\r\n\t<\/div>\r\n\t[\/vc_column_inner][vc_column_inner width=&#8221;1\/3&#8243;]\t<div  class=\"pgscore_info_box_wrapper vc_custom_1516714091414\"><!-- shortcode-base-wrapper -->\r\n\t\t<div class=\"pgscore_info_box pgscore_info_box-layout-style_1 pgscore_info_box-content_alignment-center pgscore_info_box-with-icon pgscore_info_box-icon-source-font pgscore_info_box-icon-style-flat pgscore_info_box-icon-size-sm pgscore_info_box-icon-shape-round\">\r\n\t<div class=\"pgscore_info_box-inner clearfix\">\r\n\t\t\t<div class=\"pgscore_info_box-icon\">\r\n\t\t\t<div class=\"pgscore_info_box-icon-wrap\">\r\n\t\t\t\t<div class=\"pgscore_info_box-icon-outer\" style=\"\">\r\n\t<div class=\"pgscore_info_box-icon-inner\" style=\"background-color:#4c7cf0;\">\r\n\t\t<i class=\"fa fa-inbox\" style=\"color:#ffffff\"><\/i>\t<\/div>\r\n<\/div>\r\n\t\t\t<\/div>\r\n\t\t<\/div>\r\n\t\t\t<div class=\"pgscore_info_box-content\">\r\n\t\t<div class=\"pgscore_info_box-content-wrap\">\r\n\t\t\t<div class=\"pgscore_info_box-content-inner\">\r\n\t\t\t\t\t<h5 class=\"pgscore_info_box-title\" style=\"color:#323232;\">\r\n\t\tE-vouchers to inbox\t<\/h5>\r\n\t\t\t<div class=\"pgscore_info_box-description\">\r\n\t\t<p>Sent straight to your inbox within 2 hours many desktop publishing packages.<\/p>\r\n\t<\/div>\r\n\t\t\t\t<\/div>\r\n\t\t<\/div>\r\n\t<\/div>\r\n<\/div>\r\n<\/div>\r\n\t<\/div>\r\n\t[\/vc_column_inner][vc_column_inner width=&#8221;1\/3&#8243;]\t<div  class=\"pgscore_info_box_wrapper vc_custom_1516713930662\"><!-- shortcode-base-wrapper -->\r\n\t\t<div class=\"pgscore_info_box pgscore_info_box-layout-style_1 pgscore_info_box-content_alignment-center pgscore_info_box-with-icon pgscore_info_box-icon-source-font pgscore_info_box-icon-style-flat pgscore_info_box-icon-size-sm pgscore_info_box-icon-shape-round\">\r\n\t<div class=\"pgscore_info_box-inner clearfix\">\r\n\t\t\t<div class=\"pgscore_info_box-icon\">\r\n\t\t\t<div class=\"pgscore_info_box-icon-wrap\">\r\n\t\t\t\t<div class=\"pgscore_info_box-icon-outer\" style=\"\">\r\n\t<div class=\"pgscore_info_box-icon-inner\" style=\"background-color:#4c7cf0;\">\r\n\t\t<i class=\"fa fa-retweet\" style=\"color:#ffffff\"><\/i>\t<\/div>\r\n<\/div>\r\n\t\t\t<\/div>\r\n\t\t<\/div>\r\n\t\t\t<div class=\"pgscore_info_box-content\">\r\n\t\t<div class=\"pgscore_info_box-content-wrap\">\r\n\t\t\t<div class=\"pgscore_info_box-content-inner\">\r\n\t\t\t\t\t<h5 class=\"pgscore_info_box-title\" style=\"color:#323232;\">\r\n\t\t60 Day refund policy\t<\/h5>\r\n\t\t\t<div class=\"pgscore_info_box-description\">\r\n\t\t<p>Plenty of time to change your mind odio dignissimos ducimus qui blanditiis praesentium.<\/p>\r\n\t<\/div>\r\n\t\t\t\t<\/div>\r\n\t\t<\/div>\r\n\t<\/div>\r\n<\/div>\r\n<\/div>\r\n\t<\/div>\r\n\t[\/vc_column_inner][vc_column_inner width=&#8221;1\/3&#8243;]\t<div  class=\"pgscore_info_box_wrapper vc_custom_1526890993376\"><!-- shortcode-base-wrapper -->\r\n\t\t<div class=\"pgscore_info_box pgscore_info_box-layout-style_1 pgscore_info_box-content_alignment-center pgscore_info_box-with-icon pgscore_info_box-icon-source-font pgscore_info_box-icon-style-flat pgscore_info_box-icon-size-sm pgscore_info_box-icon-shape-round\">\r\n\t<div class=\"pgscore_info_box-inner clearfix\">\r\n\t\t\t<div class=\"pgscore_info_box-icon\">\r\n\t\t\t<div class=\"pgscore_info_box-icon-wrap\">\r\n\t\t\t\t<div class=\"pgscore_info_box-icon-outer\" style=\"\">\r\n\t<div class=\"pgscore_info_box-icon-inner\" style=\"background-color:#4c7cf0;\">\r\n\t\t<i class=\"fa fa-gift\" style=\"color:#ffffff\"><\/i>\t<\/div>\r\n<\/div>\r\n\t\t\t<\/div>\r\n\t\t<\/div>\r\n\t\t\t<div class=\"pgscore_info_box-content\">\r\n\t\t<div class=\"pgscore_info_box-content-wrap\">\r\n\t\t\t<div class=\"pgscore_info_box-content-inner\">\r\n\t\t\t\t\t<h5 class=\"pgscore_info_box-title\" style=\"color:#323232;\">\r\n\t\tPremium gifts\t<\/h5>\r\n\t\t\t<div class=\"pgscore_info_box-description\">\r\n\t\t<p>Upgrade for \u00a33.50 It has survived not only five centuries, but also the leap into electronic.<\/p>\r\n\t<\/div>\r\n\t\t\t\t<\/div>\r\n\t\t<\/div>\r\n\t<\/div>\r\n<\/div>\r\n<\/div>\r\n\t<\/div>\r\n\t[\/vc_column_inner][vc_column_inner width=&#8221;1\/3&#8243;]\t<div  class=\"pgscore_info_box_wrapper vc_custom_1516714214794\"><!-- shortcode-base-wrapper -->\r\n\t\t<div class=\"pgscore_info_box pgscore_info_box-layout-style_1 pgscore_info_box-content_alignment-center pgscore_info_box-with-icon pgscore_info_box-icon-source-font pgscore_info_box-icon-style-flat pgscore_info_box-icon-size-sm pgscore_info_box-icon-shape-round\">\r\n\t<div class=\"pgscore_info_box-inner clearfix\">\r\n\t\t\t<div class=\"pgscore_info_box-icon\">\r\n\t\t\t<div class=\"pgscore_info_box-icon-wrap\">\r\n\t\t\t\t<div class=\"pgscore_info_box-icon-outer\" style=\"\">\r\n\t<div class=\"pgscore_info_box-icon-inner\" style=\"background-color:#4c7cf0;\">\r\n\t\t<i class=\"fa fa-usd\" style=\"color:#ffffff\"><\/i>\t<\/div>\r\n<\/div>\r\n\t\t\t<\/div>\r\n\t\t<\/div>\r\n\t\t\t<div class=\"pgscore_info_box-content\">\r\n\t\t<div class=\"pgscore_info_box-content-wrap\">\r\n\t\t\t<div class=\"pgscore_info_box-content-inner\">\r\n\t\t\t\t\t<h5 class=\"pgscore_info_box-title\" style=\"color:#323232;\">\r\n\t\tBest price guarantee\t<\/h5>\r\n\t\t\t<div class=\"pgscore_info_box-description\">\r\n\t\t<p>We want to make sure you get the best deals on the web at vero eos et accusamus<\/p>\r\n\t<\/div>\r\n\t\t\t\t<\/div>\r\n\t\t<\/div>\r\n\t<\/div>\r\n<\/div>\r\n<\/div>\r\n\t<\/div>\r\n\t[\/vc_column_inner][vc_column_inner width=&#8221;1\/3&#8243;]\t<div  class=\"pgscore_info_box_wrapper vc_custom_1516714135242\"><!-- shortcode-base-wrapper -->\r\n\t\t<div class=\"pgscore_info_box pgscore_info_box-layout-style_1 pgscore_info_box-content_alignment-center pgscore_info_box-with-icon pgscore_info_box-icon-source-font pgscore_info_box-icon-style-flat pgscore_info_box-icon-size-sm pgscore_info_box-icon-shape-round\">\r\n\t<div class=\"pgscore_info_box-inner clearfix\">\r\n\t\t\t<div class=\"pgscore_info_box-icon\">\r\n\t\t\t<div class=\"pgscore_info_box-icon-wrap\">\r\n\t\t\t\t<div class=\"pgscore_info_box-icon-outer\" style=\"\">\r\n\t<div class=\"pgscore_info_box-icon-inner\" style=\"background-color:#4c7cf0;\">\r\n\t\t<i class=\"fa fa-truck\" style=\"color:#ffffff\"><\/i>\t<\/div>\r\n<\/div>\r\n\t\t\t<\/div>\r\n\t\t<\/div>\r\n\t\t\t<div class=\"pgscore_info_box-content\">\r\n\t\t<div class=\"pgscore_info_box-content-wrap\">\r\n\t\t\t<div class=\"pgscore_info_box-content-inner\">\r\n\t\t\t\t\t<h5 class=\"pgscore_info_box-title\" style=\"color:#323232;\">\r\n\t\tShip the same day\t<\/h5>\r\n\t\t\t<div class=\"pgscore_info_box-description\">\r\n\t\t<p>Order an experience before 3pm and we&#039;ll get it in the post the same day versions have evolved.<\/p>\r\n\t<\/div>\r\n\t\t\t\t<\/div>\r\n\t\t<\/div>\r\n\t<\/div>\r\n<\/div>\r\n<\/div>\r\n\t<\/div>\r\n\t[\/vc_column_inner][\/vc_row_inner][\/vc_column][\/vc_row][vc_row disable_element=&#8221;yes&#8221; pgscore_enable_responsive_settings=&#8221;true&#8221; el_id=&#8221;1516714407723-0a9ca69b-cbdc&#8221; css=&#8221;.vc_custom_1570555936885{padding-top: 80px !important;padding-bottom: 80px !important;}&#8221; element_css_md=&#8221;.vc_custom_1570555936888{padding-top: 60px !important;padding-bottom: 60px !important;}&#8221; element_css_sm=&#8221;.vc_custom_1570555936890{padding-top: 50px !important;padding-bottom: 50px !important;}&#8221; element_css_xs=&#8221;.vc_custom_1570555936892{padding-top: 40px !important;padding-bottom: 40px !important;}&#8221;][vc_column css=&#8221;.vc_custom_1516777480555{padding-top: 0px !important;}&#8221;][vc_row_inner][vc_column_inner offset=&#8221;vc_col-lg-offset-2 vc_col-lg-8&#8243;][vc_custom_heading text=&#8221;Our Team Member&#8221; font_container=&#8221;tag:h3|text_align:center&#8221; use_theme_fonts=&#8221;yes&#8221; font_weight=&#8221;600&#8243; text_transform=&#8221;uppercase&#8221; css=&#8221;.vc_custom_1516801865478{margin-bottom: 15px !important;}&#8221;][vc_column_text]<\/p>\n<p style=\"text-align: center;\">Discover the best collection for autumn of Stylist Art. With so charming, modern and passionate, you certainly love this collection.<\/p>\n<p>[\/vc_column_text][\/vc_column_inner][\/vc_row_inner][\/vc_column][\/vc_row][vc_row el_id=&#8221;1516777554579-8f1991f8-debb&#8221; css=&#8221;.vc_custom_1516778142929{padding-bottom: 50px !important;}&#8221;][vc_column]\t<div  class=\"pgscore_clients_wrapper\"><!-- shortcode-base-wrapper -->\r\n\t\t<div class=\"pgscore_clients pgscore_clients-list-type-slider\">\r\n\t<div class=\"our-clients owl-carousel owl-theme owl-carousel-options\" data-owl_options=\"{&quot;items&quot;:5,&quot;loop&quot;:true,&quot;dots&quot;:false,&quot;nav&quot;:false,&quot;margin&quot;:30,&quot;autoplay&quot;:true,&quot;autoplayHoverPause&quot;:true,&quot;smartSpeed&quot;:1000,&quot;responsive&quot;:{&quot;0&quot;:{&quot;items&quot;:1},&quot;480&quot;:{&quot;items&quot;:2},&quot;768&quot;:{&quot;items&quot;:3},&quot;980&quot;:{&quot;items&quot;:4},&quot;1200&quot;:{&quot;items&quot;:5}},&quot;navText&quot;:[&quot;&lt;i class=&#039;fa fa-angle-left fa-2x&#039;&gt;&lt;\\\/i&gt;&quot;,&quot;&lt;i class=&#039;fa fa-angle-right fa-2x&#039;&gt;&lt;\\\/i&gt;&quot;],&quot;lazyLoad&quot;:false}\">\r\n\t\t\t\t<div class=\"item\">\r\n\t\t\t\t<img loading=\"lazy\" decoding=\"async\" class=\"img-fluid center-block\" src=\"https:\/\/zonawifimcy.com\/wp-content\/uploads\/2019\/10\/01-1.png\" width=\"450\" height=\"250\" alt=\"\">\t\t\t<\/div>\r\n\t\t\t\t\t\t<div class=\"item\">\r\n\t\t\t\t<img loading=\"lazy\" decoding=\"async\" class=\"img-fluid center-block\" src=\"https:\/\/zonawifimcy.com\/wp-content\/uploads\/2019\/10\/01m.jpg\" width=\"500\" height=\"150\" alt=\"\">\t\t\t<\/div>\r\n\t\t\t\t\t\t<div class=\"item\">\r\n\t\t\t\t<img loading=\"lazy\" decoding=\"async\" class=\"img-fluid center-block\" src=\"https:\/\/zonawifimcy.com\/wp-content\/uploads\/2019\/10\/02-1.png\" width=\"450\" height=\"250\" alt=\"\">\t\t\t<\/div>\r\n\t\t\t\t\t\t<div class=\"item\">\r\n\t\t\t\t<img loading=\"lazy\" decoding=\"async\" class=\"img-fluid center-block\" src=\"https:\/\/zonawifimcy.com\/wp-content\/uploads\/2019\/10\/04m.jpg\" width=\"500\" height=\"150\" alt=\"\">\t\t\t<\/div>\r\n\t\t\t\t\t\t<div class=\"item\">\r\n\t\t\t\t<img loading=\"lazy\" decoding=\"async\" class=\"img-fluid center-block\" src=\"https:\/\/zonawifimcy.com\/wp-content\/uploads\/2019\/10\/05m.jpg\" width=\"500\" height=\"150\" alt=\"\">\t\t\t<\/div>\r\n\t\t\t\t\t\t<div class=\"item\">\r\n\t\t\t\t<img loading=\"lazy\" decoding=\"async\" class=\"img-fluid center-block\" src=\"https:\/\/zonawifimcy.com\/wp-content\/uploads\/2019\/10\/06m.jpg\" width=\"500\" height=\"150\" alt=\"\">\t\t\t<\/div>\r\n\t\t\t<\/div>\r\n<\/div>\r\n\t<\/div>\r\n\t[\/vc_column][\/vc_row]<\/p>\n","protected":false},"excerpt":{"rendered":"<p>[vc_row pgscore_enable_responsive_settings=&#8221;true&#8221; el_id=&#8221;1516710813675-a6a70f8d-afbf&#8221; css=&#8221;.vc_custom_1516801131893{padding-top: 80px !important;padding-bottom: 50px !important;}&#8221; element_css_md=&#8221;.vc_custom_1516801131916{padding-top: 60px !important;padding-bottom: 30px !important;}&#8221; element_css_sm=&#8221;.vc_custom_1516801131939{padding-top: 50px !important;padding-bottom: 20px !important;}&#8221; element_css_xs=&#8221;.vc_custom_1516801131959{padding-top: 40px !important;padding-bottom: 10px !important;}&#8221;][vc_column css=&#8221;.vc_custom_1516801004717{margin-bottom: 30px !important;}&#8221; offset=&#8221;vc_col-lg-6 vc_col-md-6&#8243;][vc_single_image image=&#8221;366&#8243; img_size=&#8221;full&#8221; alignment=&#8221;center&#8221;][\/vc_column][vc_column css=&#8221;.vc_custom_1516801019577{margin-bottom: 30px !important;}&#8221; offset=&#8221;vc_col-lg-6 vc_col-md-6&#8243;][vc_custom_heading text=&#8221;Bienvenido a ZONAWIFIMCY 2.0 C.A&#8221; font_container=&#8221;tag:h3|text_align:left&#8221; use_theme_fonts=&#8221;yes&#8221; css=&#8221;.vc_custom_1691702287619{margin-bottom: 15px !important;}&#8221;][vc_column_text]Empresa dedicada a la venta de equipos de redes, instalaci\u00f3n<\/p>\n","protected":false},"author":1,"featured_media":0,"parent":0,"menu_order":0,"comment_status":"closed","ping_status":"closed","template":"templates\/full-width.php","meta":{"_joinchat":[],"footnotes":""},"class_list":["post-78","page","type-page","status-publish","hentry"],"_links":{"self":[{"href":"https:\/\/zonawifimcy.com\/index.php\/wp-json\/wp\/v2\/pages\/78","targetHints":{"allow":["GET"]}}],"collection":[{"href":"https:\/\/zonawifimcy.com\/index.php\/wp-json\/wp\/v2\/pages"}],"about":[{"href":"https:\/\/zonawifimcy.com\/index.php\/wp-json\/wp\/v2\/types\/page"}],"author":[{"embeddable":true,"href":"https:\/\/zonawifimcy.com\/index.php\/wp-json\/wp\/v2\/users\/1"}],"replies":[{"embeddable":true,"href":"https:\/\/zonawifimcy.com\/index.php\/wp-json\/wp\/v2\/comments?post=78"}],"version-history":[{"count":10,"href":"https:\/\/zonawifimcy.com\/index.php\/wp-json\/wp\/v2\/pages\/78\/revisions"}],"predecessor-version":[{"id":535,"href":"https:\/\/zonawifimcy.com\/index.php\/wp-json\/wp\/v2\/pages\/78\/revisions\/535"}],"wp:attachment":[{"href":"https:\/\/zonawifimcy.com\/index.php\/wp-json\/wp\/v2\/media?parent=78"}],"curies":[{"name":"wp","href":"https:\/\/api.w.org\/{rel}","templated":true}]}}